{"id":254,"date":"2021-02-19T16:20:45","date_gmt":"2021-02-19T15:20:45","guid":{"rendered":"http:\/\/zdn-produkcja.pl\/jastrzebia-gora\/?page_id=254"},"modified":"2024-08-13T11:49:49","modified_gmt":"2024-08-13T09:49:49","slug":"pokoje-willa-krysia","status":"publish","type":"page","link":"https:\/\/www.ow-jastrzebiagora.pl\/index.php\/pokoje-willa-krysia\/","title":{"rendered":"Pokoje Willa &#8222;Krysia&#8221;"},"content":{"rendered":"\t\t<div data-elementor-type=\"wp-page\" data-elementor-id=\"254\" class=\"elementor elementor-254\">\n\t\t\t\t\t\t\t\t\t<section class=\"elementor-section elementor-top-section elementor-element elementor-element-c910199 elementor-section-boxed elementor-section-height-default elementor-section-height-default\" data-id=\"c910199\" data-element_type=\"section\" data-settings=\"{&quot;jet_parallax_layout_list&quot;:[{&quot;jet_parallax_layout_image&quot;:{&quot;url&quot;:&quot;&quot;,&quot;id&quot;:&quot;&quot;,&quot;size&quot;:&quot;&quot;},&quot;_id&quot;:&quot;3282092&quot;,&quot;jet_parallax_layout_image_tablet&quot;:{&quot;url&quot;:&quot;&quot;,&quot;id&quot;:&quot;&quot;,&quot;size&quot;:&quot;&quot;},&quot;jet_parallax_layout_image_mobile&quot;:{&quot;url&quot;:&quot;&quot;,&quot;id&quot;:&quot;&quot;,&quot;size&quot;:&quot;&quot;},&quot;jet_parallax_layout_speed&quot;:{&quot;unit&quot;:&quot;%&quot;,&quot;size&quot;:50,&quot;sizes&quot;:[]},&quot;jet_parallax_layout_type&quot;:&quot;scroll&quot;,&quot;jet_parallax_layout_direction&quot;:null,&quot;jet_parallax_layout_fx_direction&quot;:null,&quot;jet_parallax_layout_z_index&quot;:&quot;&quot;,&quot;jet_parallax_layout_bg_x&quot;:50,&quot;jet_parallax_layout_bg_x_tablet&quot;:&quot;&quot;,&quot;jet_parallax_layout_bg_x_mobile&quot;:&quot;&quot;,&quot;jet_parallax_layout_bg_y&quot;:50,&quot;jet_parallax_layout_bg_y_tablet&quot;:&quot;&quot;,&quot;jet_parallax_layout_bg_y_mobile&quot;:&quot;&quot;,&quot;jet_parallax_layout_bg_size&quot;:&quot;auto&quot;,&quot;jet_parallax_layout_bg_size_tablet&quot;:&quot;&quot;,&quot;jet_parallax_layout_bg_size_mobile&quot;:&quot;&quot;,&quot;jet_parallax_layout_animation_prop&quot;:&quot;transform&quot;,&quot;jet_parallax_layout_on&quot;:[&quot;desktop&quot;,&quot;tablet&quot;]}]}\">\n\t\t\t\t\t\t<div class=\"elementor-container elementor-column-gap-default\">\n\t\t\t\t\t<div class=\"elementor-column elementor-col-100 elementor-top-column elementor-element elementor-element-79d0edb\" data-id=\"79d0edb\" data-element_type=\"column\">\n\t\t\t<div class=\"elementor-widget-wrap elementor-element-populated\">\n\t\t\t\t\t\t\t\t<div class=\"elementor-element elementor-element-6fd1edb elementor-widget elementor-widget-heading\" data-id=\"6fd1edb\" data-element_type=\"widget\" data-widget_type=\"heading.default\">\n\t\t\t\t<div class=\"elementor-widget-container\">\n\t\t\t<h2 class=\"elementor-heading-title elementor-size-default\">Pokoje Willa \u201eKrysia\u201d<\/h2>\t\t<\/div>\n\t\t\t\t<\/div>\n\t\t\t\t<div class=\"elementor-element elementor-element-cd42a1b elementor-widget-divider--view-line_icon elementor-view-default elementor-widget-divider--element-align-center elementor-widget elementor-widget-divider\" data-id=\"cd42a1b\" data-element_type=\"widget\" data-widget_type=\"divider.default\">\n\t\t\t\t<div class=\"elementor-widget-container\">\n\t\t\t\t\t<div class=\"elementor-divider\">\n\t\t\t<span class=\"elementor-divider-separator\">\n\t\t\t\t\t\t\t<div class=\"elementor-icon elementor-divider__element\">\n\t\t\t\t\t<i aria-hidden=\"true\" class=\"fas fa-home\"><\/i><\/div>\n\t\t\t\t\t\t<\/span>\n\t\t<\/div>\n\t\t\t\t<\/div>\n\t\t\t\t<\/div>\n\t\t\t\t<section class=\"elementor-section elementor-inner-section elementor-element elementor-element-4b63907 elementor-section-boxed elementor-section-height-default elementor-section-height-default\" data-id=\"4b63907\" data-element_type=\"section\" data-settings=\"{&quot;jet_parallax_layout_list&quot;:[{&quot;jet_parallax_layout_image&quot;:{&quot;url&quot;:&quot;&quot;,&quot;id&quot;:&quot;&quot;,&quot;size&quot;:&quot;&quot;},&quot;_id&quot;:&quot;4fafc5f&quot;,&quot;jet_parallax_layout_image_tablet&quot;:{&quot;url&quot;:&quot;&quot;,&quot;id&quot;:&quot;&quot;,&quot;size&quot;:&quot;&quot;},&quot;jet_parallax_layout_image_mobile&quot;:{&quot;url&quot;:&quot;&quot;,&quot;id&quot;:&quot;&quot;,&quot;size&quot;:&quot;&quot;},&quot;jet_parallax_layout_speed&quot;:{&quot;unit&quot;:&quot;%&quot;,&quot;size&quot;:50,&quot;sizes&quot;:[]},&quot;jet_parallax_layout_type&quot;:&quot;scroll&quot;,&quot;jet_parallax_layout_direction&quot;:null,&quot;jet_parallax_layout_fx_direction&quot;:null,&quot;jet_parallax_layout_z_index&quot;:&quot;&quot;,&quot;jet_parallax_layout_bg_x&quot;:50,&quot;jet_parallax_layout_bg_x_tablet&quot;:&quot;&quot;,&quot;jet_parallax_layout_bg_x_mobile&quot;:&quot;&quot;,&quot;jet_parallax_layout_bg_y&quot;:50,&quot;jet_parallax_layout_bg_y_tablet&quot;:&quot;&quot;,&quot;jet_parallax_layout_bg_y_mobile&quot;:&quot;&quot;,&quot;jet_parallax_layout_bg_size&quot;:&quot;auto&quot;,&quot;jet_parallax_layout_bg_size_tablet&quot;:&quot;&quot;,&quot;jet_parallax_layout_bg_size_mobile&quot;:&quot;&quot;,&quot;jet_parallax_layout_animation_prop&quot;:&quot;transform&quot;,&quot;jet_parallax_layout_on&quot;:[&quot;desktop&quot;,&quot;tablet&quot;]}]}\">\n\t\t\t\t\t\t<div class=\"elementor-container elementor-column-gap-default\">\n\t\t\t\t\t<div class=\"elementor-column elementor-col-50 elementor-inner-column elementor-element elementor-element-28d8351\" data-id=\"28d8351\" data-element_type=\"column\">\n\t\t\t<div class=\"elementor-widget-wrap elementor-element-populated\">\n\t\t\t\t\t\t\t\t<div class=\"elementor-element elementor-element-63f0d60 elementor-widget elementor-widget-text-editor\" data-id=\"63f0d60\" data-element_type=\"widget\" data-widget_type=\"text-editor.default\">\n\t\t\t\t<div class=\"elementor-widget-container\">\n\t\t\t\t\t\t\t<h4>Pokoje 1, 2 i 3 osobowe z \u0142azienkami, posiadaj\u0105:<\/h4>\n<ul>\n<li>po\u015bciel i r\u0119czniki<\/li>\n<li>internet ,<\/li>\n<li>telewizor ( telewizja naziemna cyfrowa)<\/li>\n<li>radio,<\/li>\n<li>suszarka do w\u0142os\u00f3w,<\/li>\n<li>sprz\u0119t pla\u017cowy,<\/li><li>pokoje na parterze maj\u0105 na wyposa\u017ceniu czajnik i lod\u00f3wk\u0119.<\/li>\n<\/ul>\n<h4>Do dyspozycji go\u015bci jest aneks kuchenny wyposa\u017cony w:<\/h4>\n<ul>\n<li>lod\u00f3wk\u0119,<\/li>\n<li>kuchenk\u0119 elektryczn\u0105 2-palnikow\u0105,<\/li>\n<li>czajnik,<\/li>\n<li>mikrofal\u00f3wk\u0119<\/li>\n<li>naczynia kuchenne<\/li>\n<li>sztu\u0107ce.<\/li>\n<\/ul>\t\t\t\t\t\t<\/div>\n\t\t\t\t<\/div>\n\t\t\t\t\t<\/div>\n\t\t<\/div>\n\t\t\t\t<div class=\"elementor-column elementor-col-50 elementor-inner-column elementor-element elementor-element-e96ccf4\" data-id=\"e96ccf4\" data-element_type=\"column\">\n\t\t\t<div class=\"elementor-widget-wrap elementor-element-populated\">\n\t\t\t\t\t\t\t\t<div class=\"elementor-element elementor-element-db5e82a elementor-widget elementor-widget-image\" data-id=\"db5e82a\" data-element_type=\"widget\" data-widget_type=\"image.default\">\n\t\t\t\t<div class=\"elementor-widget-container\">\n\t\t\t\t\t\t\t\t\t\t\t\t\t\t\t<img fetchpriority=\"high\" decoding=\"async\" width=\"1448\" height=\"1448\" src=\"https:\/\/www.ow-jastrzebiagora.pl\/wp-content\/uploads\/2022\/07\/pokoj-3A-2.jpg\" class=\"attachment-full size-full wp-image-927\" alt=\"\" srcset=\"https:\/\/www.ow-jastrzebiagora.pl\/wp-content\/uploads\/2022\/07\/pokoj-3A-2.jpg 1448w, https:\/\/www.ow-jastrzebiagora.pl\/wp-content\/uploads\/2022\/07\/pokoj-3A-2-300x300.jpg 300w, https:\/\/www.ow-jastrzebiagora.pl\/wp-content\/uploads\/2022\/07\/pokoj-3A-2-1024x1024.jpg 1024w, https:\/\/www.ow-jastrzebiagora.pl\/wp-content\/uploads\/2022\/07\/pokoj-3A-2-150x150.jpg 150w, https:\/\/www.ow-jastrzebiagora.pl\/wp-content\/uploads\/2022\/07\/pokoj-3A-2-768x768.jpg 768w, https:\/\/www.ow-jastrzebiagora.pl\/wp-content\/uploads\/2022\/07\/pokoj-3A-2-230x230.jpg 230w, https:\/\/www.ow-jastrzebiagora.pl\/wp-content\/uploads\/2022\/07\/pokoj-3A-2-400x400.jpg 400w, https:\/\/www.ow-jastrzebiagora.pl\/wp-content\/uploads\/2022\/07\/pokoj-3A-2-600x600.jpg 600w, https:\/\/www.ow-jastrzebiagora.pl\/wp-content\/uploads\/2022\/07\/pokoj-3A-2-640x640.jpg 640w\" sizes=\"(max-width: 1448px) 100vw, 1448px\" \/>\t\t\t\t\t\t\t\t\t\t\t\t\t\t\t<\/div>\n\t\t\t\t<\/div>\n\t\t\t\t\t<\/div>\n\t\t<\/div>\n\t\t\t\t\t\t\t<\/div>\n\t\t<\/section>\n\t\t\t\t\t<\/div>\n\t\t<\/div>\n\t\t\t\t\t\t\t<\/div>\n\t\t<\/section>\n\t\t\t\t\t\t\t<\/div>\n\t\t","protected":false},"excerpt":{"rendered":"<p>Pokoje Willa \u201eKrysia\u201d Pokoje 1, 2 i 3 osobowe z \u0142azienkami, posiadaj\u0105: po\u015bciel i r\u0119czniki internet , telewizor ( telewizja naziemna cyfrowa) radio, suszarka do w\u0142os\u00f3w, sprz\u0119t pla\u017cowy, pokoje na parterze maj\u0105 na wyposa\u017ceniu czajnik i lod\u00f3wk\u0119. Do dyspozycji go\u015bci jest aneks kuchenny wyposa\u017cony w: lod\u00f3wk\u0119, kuchenk\u0119 elektryczn\u0105 2-palnikow\u0105, czajnik, mikrofal\u00f3wk\u0119 naczynia kuchenne sztu\u0107ce.<\/p>\n","protected":false},"author":1,"featured_media":0,"parent":0,"menu_order":0,"comment_status":"closed","ping_status":"closed","template":"","meta":{"footnotes":""},"_links":{"self":[{"href":"https:\/\/www.ow-jastrzebiagora.pl\/index.php\/wp-json\/wp\/v2\/pages\/254"}],"collection":[{"href":"https:\/\/www.ow-jastrzebiagora.pl\/index.php\/wp-json\/wp\/v2\/pages"}],"about":[{"href":"https:\/\/www.ow-jastrzebiagora.pl\/index.php\/wp-json\/wp\/v2\/types\/page"}],"author":[{"embeddable":true,"href":"https:\/\/www.ow-jastrzebiagora.pl\/index.php\/wp-json\/wp\/v2\/users\/1"}],"replies":[{"embeddable":true,"href":"https:\/\/www.ow-jastrzebiagora.pl\/index.php\/wp-json\/wp\/v2\/comments?post=254"}],"version-history":[{"count":29,"href":"https:\/\/www.ow-jastrzebiagora.pl\/index.php\/wp-json\/wp\/v2\/pages\/254\/revisions"}],"predecessor-version":[{"id":1414,"href":"https:\/\/www.ow-jastrzebiagora.pl\/index.php\/wp-json\/wp\/v2\/pages\/254\/revisions\/1414"}],"wp:attachment":[{"href":"https:\/\/www.ow-jastrzebiagora.pl\/index.php\/wp-json\/wp\/v2\/media?parent=254"}],"curies":[{"name":"wp","href":"https:\/\/api.w.org\/{rel}","templated":true}]}}